ase 9, what is -52 + -567?
-630
In base 3, what is 110020201 - 20020?
110000111
In base 12, what is 6363a - 2?
63638
In base 14, what is -23c39 + -4?
-23c3d
In base 14, what is -34dc5b - -5?
-34dc56
In base 12, what is -6115 + -4?
-6119
In base 11, what is 861878 - -5?
861882
In base 6, what is -1442245 - -5?
-1442240
In base 4, what is 12 - 10110332?
-10110320
In base 9, what is 22 + -105540?
-105517
In base 16, what is -651 - 2de?
-92f
In base 3, what is -202221102 + 2?
-202221100
In base 13, what is -1147a9 + 3?
-1147a6
In base 13, what is -243 - 53c?
-782
In base 14, what is 152 - 783?
-631
In base 6, what is 1 - 255123?
-255122
In base 8, what is -726071 + 0?
-726071
In base 3, what is -2 - 10120?
-10122
In base 6, what is 1401205 - -3?
1401212
In base 4, what is 3 - 1331200?
-1331131
In base 12, what is 4246 - -4?
424a
In base 8, what is 55753 + 1?
55754
In base 11, what is -605 - -115?
-4a0
In base 10, what is -936688 - 4?
-936692
In base 12, what is -12 + 800b?
7bb9
In base 10, what is -26888 - 62?
-26950
In base 15, what is 3ee1 + -90?
3e51
In base 11, what is -3628242 + 1?
-3628241
In base 2, what is -100 + 10101001110000?
10101001101100
In base 11, what is 77995 + -5?
77990
In base 8, what is 2013120 - 1?
2013117
In base 10, what is -17828 - -19?
-17809
In base 10, what is 105 + -20118?
-20013
In base 8, what is -12 + -105566?
-105600
In base 16, what is 27498 + -1?
27497
In base 5, what is -1124202 + 3?
-1124144
In base 12, what is -2 - 2abb?
-2b01
In base 6, what is 10 - 130051?
-130041
In base 16, what is 53 + -3ee?
-39b
In base 5, what is 130 - 242040?
-241410
In base 16, what is -109 - 1d?
-126
In base 11, what is -3 - -34406?
34403
In base 8, what is -125 + 105?
-20
In base 6, what is 203002 + 4?
203010
In base 11, what is 945 - 227?
719
In base 12, what is -4 - -4029?
4025
In base 11, what is 12 + -1a138?
-1a126
In base 3, what is -1111120 - 10000?
-1121120
In base 10, what is 7 - 785837?
-785830
In base 3, what is -1 + -11221111?
-11221112
In base 12, what is -11957 + 0?
-11957
In base 12, what is -88 - -30?
-58
In base 7, what is 44 + 12326?
12403
In base 14, what is -a12 - -6?
-a0a
In base 15, what is -21546 - 15?
-2155b
In base 10, what is 0 - 798434?
-798434
In base 9, what is 2283657 - 1?
2283656
In base 4, what is -2003 + 11033?
3030
In base 7, what is 3002200 + -11?
3002156
In base 11, what is -1 - 56480?
-56481
In base 4, what is -1 - -303100202?
303100201
In base 12, what is 65 - bb?
-56
In base 16, what is 30d9 - 168?
2f71
In base 4, what is 1322 + -323?
333
In base 8, what is -203 - -15173?
14770
In base 10, what is -11 + -51840?
-51851
In base 11, what is 60361a - 5?
603615
In base 3, what is -2202210 - 120?
-2210100
In base 15, what is 4856 + 3?
4859
In base 16, what is 278f0 - -2?
278f2
In base 11, what is 250 + -2497?
-2247
In base 6, what is -1155054 - -2?
-1155052
In base 10, what is 4 - 1686?
-1682
In base 9, what is 101 - 561?
-460
In base 3, what is 11022 + 20210?
102002
In base 5, what is 13 + -101204014?
-101204001
In base 14, what is 225 + 95?
2ba
In base 3, what is -1122000 + -211?
-1122211
In base 11, what is -9977a + 6?
-99774
In base 5, what is 101421 + 11?
101432
In base 8, what is 12 - 30700?
-30666
In base 14, what is 74 + c81?
d15
In base 11, what is -79 - -1286?
1208
In base 11, what is 168488 + 0?
168488
In base 13, what is -1509 - 11?
-151a
In base 8, what is -565 + -323?
-1110
In base 10, what is -118 + -183?
-301
In base 13, what is -6b + a6?
38
In base 11, what is -555 - 4a?
-5a4
In base 14, what is -249 - 335?
-580
In base 14, what is -3439d + -2?
-343a1
In base 13, what is -a1a8 - 36?
-a211
In base 9, what is 11727 + -2?
11725
In base 8, what is 434 + 1463?
2117
In base 5, what is -322 - 130243?
-131120
In base 16, what is -5 - 42e?
-433
In base 11, what is -1879 - 73?
-1941
In base 12, what is -4 + 12502?
124ba
In base 9, what is -112 + -10334?
-10446
In base 3, what is 12 - -12120020?
12120102
In base 15, what is -4 + d222?
d21d
In base 7, what is -1112 + 6153?
5041
In base 8, what is -27257 - 22?
-27301
In base 16, what is -1 - 10aab4?
-10aab5
In base 3, what is 20000121111 + -22?
20000121012
In base 16, what is -1bb + 269?
ae
In base 12, what is 468b50 - 1?
468b4b
In base 13, what is -252b8 + 2?
-252b6
In base 9, what is -175 + -320?
-505
In base 6, what is 53 + -4103114?
-4103021
In base 2, what is -11 + 101111001010110110011?
101111001010110110000
In base 6, what is -321 - 23450?
-24211
In base 8, what is 2 + 51306?
51310
In base 10, what is -1 - -476714?
476713
In base 13, what is -177b7 - 3?
-177ba
In base 12, what is 159 - -239?
396
In base 15, what is -12 - -d5c?
d4a
In base 7, what is 366311 - -50?
366361
In base 12, what is 448 - -24?
470
In base 7, what is -5 - 1222065?
-1222103
In base 7, what is -1210003 - 3?
-1210006
In base 7, what is -5 + 244064?
244056
In base 11, what is 1197 - 96a?
328
In base 13, what is 62 - -2190?
2222
In base 4, what is -312021133 - 0?
-312021133
In base 15, what is 5eea + 2?
5eec
In base 5, what is 231 - 44002?
-43221
In base 10, what is -148841 + -2?
-148843
In base 2, what is 100011101000011 - 101?
100011100111110
In base 5, what is -11143322120 - -1?
-11143322114
In base 15, what is -2 - 74a9?
-74ab
In base 8, what is 2 + 3532211?
3532213
In base 11, what is 2 - 7678?
-7676
In base 9, what is -1338 + -63?
-1412
In base 10, what is 0 + 7358?
7358
In base 12, what is 4 - 2543?
-253b
In base 11, what is -33 - 705?
-738
In base 11, what is 3 + 183a08?
183a10
In base 7, what is 216 - -2150?
2366
In base 2, what is 10001011000010010 + -11?
10001011000001111
In base 9, what is -10 - -10186?
10176
In base 12, what is b7 + -6931?
-6836
In base 15, what is -cb + -57?
-133
In base 3, what is -1221210 - -11010022?
2011112
In base 7, what is -153 - 62515?
-63001
In base 3, what is -100 + -110?
-210
In base 5, what is -1124 - 10144?
-11323
In base 13, what is -40940 + -1?
-40941
In base 8, what is -1106412 - 6?
-1106420
In base 3, what is 1020 - 1201211221?
-1201210201
In base 14, what is 7 - -90cd?
90d6
In base 16, what is -22cdc1 - 3?
-22cdc4
In base 6, what is -111110 + 241?
-110425
In base 9, what is 627610 + 5?
627615
In base 4, what is 20 - -2103303110?
2103303130
In base 9, what is 11645 - -8?
11654
In base 15, what is -5 + 13032?
1302c
In base 12, what is 0 + -115446?
-115446
In base 7, what is 10350 - 20?
10330
In base 7, what is 26526 + 1?
26530
In base 13, what is 4 + 9ac6?
9aca
In base 14, what is 0 + 25188?
25188
In base 9, what is -236055 - -6?
-236048
In base 15, what is -2 + 5b18?
5b16
In base 15, what is -375 + -581?
-906
In base 7, what is -15626 + 662?
-14634
In base 4, what is 2000 + 3223?
11223
In base 15, what is 4170d - 1?
4170c
In base 10, what is 41 + -419?
-378
In base 12, what is -1286 - -2?
-1284
In base 4, what is 23210231 + 11?
23210302
In base 5, what is 24 - -1030341?
1030420
In base 2, what is -111010100011011 - 1011?
-111010100100110
In base 8, what is 124403 - 4?
124377
In base 2, what is -10 + -110001101011001110?
-110001101011010000
In base 16, what is 14dd - c?
14d1
In base 11, what is -4 - -8468?
8464
In base 11, what is 1 + -1487?
-1486
In base 9, what is 55736 + -27?
55708
In base 10, what is 4642 + 3?
4645
In base 10, what is -33448 - 1?
-33449
In base 9, what is 1301005 + -1?
1301004
In base 3, what is 211010 + -220?
210020
In base 9, what is -850 + 34?
-815
In base 9, what is 128 + 10507?
10636
In base 5, what is 24 - 101013?
-100434
In base 13, what is -30a8 + 77?
-3031
In base 6, what is -31554 + -4?
-32002
In base 10, what is 49628 + 2?
49630
In base 5, what is 1 - 140432432?
-140432431
In base 10, what is 0 + -3500?
-3500
In base 4, what is 31 + 10223?
10320
In base 16, what is e23d9 - -2?
e23db
In base 3, what is -1120010 + 2101121?
211111
In base 5, what is 3 + 1001303?
1001311
In base 10, what is -200 + -23278?
-23478
In base 7, what is -4012 + -34?
-4046
In base 14, what is 12b + 289?
3b6
In base 8, what is -3276731 - 10?
-3276741
In base 4, what is -2202120002 + -2?
-2202120010
In base 3, what is 10 - 2002020220121?
-2002020220111
In base 5, what is 213223030 - -3?
213223033
In base 6, what is -4 - 43531035?
-43531043
In base 7, what is 162412 + 1?
162413
In base 15, what is -5 + 44a89?
44a84
In ba